{"id":296,"date":"2023-05-24T19:57:28","date_gmt":"2023-05-24T17:57:28","guid":{"rendered":"http:\/\/wundsam.at\/?page_id=296"},"modified":"2023-07-23T13:39:18","modified_gmt":"2023-07-23T11:39:18","slug":"ab-hof-verkauf-2","status":"publish","type":"page","link":"https:\/\/wundsam.at\/?page_id=296","title":{"rendered":"ab-Hof-Verkauf"},"content":{"rendered":"\n<h2 class=\"wp-block-heading has-large-font-size\">AB-HOF-VERKAUF<\/h2>\n\n\n\n<p class=\"has-medium-font-size\">Jeden <strong>Samstag<\/strong> <strong>von 13.00 bis 16.00 Uhr<\/strong><br>haben Interessenten die M\u00f6glichkeit unsere Weine, Traubensaft sowie Erd\u00e4pfel zu kaufen.<\/p>\n\n\n\n<p class=\"has-medium-font-size\">Des Weiteren k\u00f6nnen Sie gerne gegen telefonische Vereinbarung auch au\u00dferhalb des w\u00f6chentlichen Ab-Hof-Verkaufszeitraums bei uns einkaufen. &#8211; Tel. 02264\/6377<\/p>\n\n\n\n<h2 class=\"wp-block-heading has-white-color has-text-color\">Placeholder<\/h2>\n\n\n<div class=\"wp-block-image\">\n<figure class=\"aligncenter size-full is-resized\"><a href=\"http:\/\/wundsam.at\/wp-4f3e0-content\/uploads\/2023\/01\/Rose-Frizzante.jpg\"><img decoding=\"async\" loading=\"lazy\" src=\"http:\/\/wundsam.at\/wp-4f3e0-content\/uploads\/2023\/01\/Rose-Frizzante.jpg\" alt=\"\" class=\"wp-image-177\" width=\"960\" height=\"960\" srcset=\"https:\/\/wundsam.at\/wp-4f3e0-content\/uploads\/2023\/01\/Rose-Frizzante.jpg 960w, https:\/\/wundsam.at\/wp-4f3e0-content\/uploads\/2023\/01\/Rose-Frizzante-300x300.jpg 300w, https:\/\/wundsam.at\/wp-4f3e0-content\/uploads\/2023\/01\/Rose-Frizzante-150x150.jpg 150w, https:\/\/wundsam.at\/wp-4f3e0-content\/uploads\/2023\/01\/Rose-Frizzante-768x768.jpg 768w\" sizes=\"(max-width: 960px) 100vw, 960px\" \/><\/a><\/figure><\/div>","protected":false},"excerpt":{"rendered":"<p>AB-HOF-VERKAUF Jeden Samstag von 13.00 bis 16.00 Uhrhaben Interessenten die M\u00f6glichkeit unsere Weine, Traubensaft sowie Erd\u00e4pfel zu kaufen. Des Weiteren k\u00f6nnen Sie gerne gegen telefonische Vereinbarung auch au\u00dferhalb des w\u00f6chentlichen Ab-Hof-Verkaufszeitraums bei uns einkaufen. &#8211; Tel. 02264\/6377 Placeholder<\/p>\n","protected":false},"author":2,"featured_media":0,"parent":0,"menu_order":0,"comment_status":"closed","ping_status":"closed","template":"","meta":[],"_links":{"self":[{"href":"https:\/\/wundsam.at\/index.php?rest_route=\/wp\/v2\/pages\/296"}],"collection":[{"href":"https:\/\/wundsam.at\/index.php?rest_route=\/wp\/v2\/pages"}],"about":[{"href":"https:\/\/wundsam.at\/index.php?rest_route=\/wp\/v2\/types\/page"}],"author":[{"embeddable":true,"href":"https:\/\/wundsam.at\/index.php?rest_route=\/wp\/v2\/users\/2"}],"replies":[{"embeddable":true,"href":"https:\/\/wundsam.at\/index.php?rest_route=%2Fwp%2Fv2%2Fcomments&post=296"}],"version-history":[{"count":17,"href":"https:\/\/wundsam.at\/index.php?rest_route=\/wp\/v2\/pages\/296\/revisions"}],"predecessor-version":[{"id":1150,"href":"https:\/\/wundsam.at\/index.php?rest_route=\/wp\/v2\/pages\/296\/revisions\/1150"}],"wp:attachment":[{"href":"https:\/\/wundsam.at\/index.php?rest_route=%2Fwp%2Fv2%2Fmedia&parent=296"}],"curies":[{"name":"wp","href":"https:\/\/api.w.org\/{rel}","templated":true}]}}